{"id":3929,"date":"2021-04-12T16:32:50","date_gmt":"2021-04-12T16:32:50","guid":{"rendered":"https:\/\/www.mskyselovice.cz\/?page_id=3929"},"modified":"2021-04-12T16:32:51","modified_gmt":"2021-04-12T16:32:51","slug":"predskolaci-utery-6-4-2021","status":"publish","type":"page","link":"https:\/\/www.mskyselovice.cz\/index.php\/predskolaci-utery-6-4-2021\/","title":{"rendered":"P\u0159ed\u0161kol\u00e1ci- \u00fater\u00fd (6.4.2021)"},"content":{"rendered":"\n<p>P\u00edsanka str.16,pracovn\u00ed list ,,vytleskej obr\u00e1zky&#8221; viz. obr\u00e1zek<\/p>\n\n\n\n<figure class=\"wp-block-image\"><img decoding=\"async\" src=\"https:\/\/www.mskyselovice.cz\/wp-content\/uploads\/2021\/04\/0d526ec10f185ecee7ecdffd9976907d.jpg\" alt=\"This image has an empty alt attribute; its file name is 0d526ec10f185ecee7ecdffd9976907d.jpg\"\/><\/figure>\n","protected":false},"excerpt":{"rendered":"<p>P\u00edsanka str.16,pracovn\u00ed list ,,vytleskej obr\u00e1zky&#8221; viz. obr\u00e1zek<\/p>\n","protected":false},"author":1,"featured_media":0,"parent":0,"menu_order":0,"comment_status":"closed","ping_status":"closed","template":"","meta":{"footnotes":""},"class_list":["post-3929","page","type-page","status-publish","hentry"],"_links":{"self":[{"href":"https:\/\/www.mskyselovice.cz\/index.php\/wp-json\/wp\/v2\/pages\/3929","targetHints":{"allow":["GET"]}}],"collection":[{"href":"https:\/\/www.mskyselovice.cz\/index.php\/wp-json\/wp\/v2\/pages"}],"about":[{"href":"https:\/\/www.mskyselovice.cz\/index.php\/wp-json\/wp\/v2\/types\/page"}],"author":[{"embeddable":true,"href":"https:\/\/www.mskyselovice.cz\/index.php\/wp-json\/wp\/v2\/users\/1"}],"replies":[{"embeddable":true,"href":"https:\/\/www.mskyselovice.cz\/index.php\/wp-json\/wp\/v2\/comments?post=3929"}],"version-history":[{"count":1,"href":"https:\/\/www.mskyselovice.cz\/index.php\/wp-json\/wp\/v2\/pages\/3929\/revisions"}],"predecessor-version":[{"id":3931,"href":"https:\/\/www.mskyselovice.cz\/index.php\/wp-json\/wp\/v2\/pages\/3929\/revisions\/3931"}],"wp:attachment":[{"href":"https:\/\/www.mskyselovice.cz\/index.php\/wp-json\/wp\/v2\/media?parent=3929"}],"curies":[{"name":"wp","href":"https:\/\/api.w.org\/{rel}","templated":true}]}}