{"id":3923,"date":"2021-04-12T16:31:40","date_gmt":"2021-04-12T16:31:40","guid":{"rendered":"https:\/\/www.mskyselovice.cz\/?page_id=3923"},"modified":"2021-04-12T16:31:40","modified_gmt":"2021-04-12T16:31:40","slug":"predskolaci-ctvrtek-8-4-2021","status":"publish","type":"page","link":"https:\/\/www.mskyselovice.cz\/index.php\/predskolaci-ctvrtek-8-4-2021\/","title":{"rendered":"P\u0159ed\u0161kol\u00e1ci-\u010dtvrtek (8.4.2021)"},"content":{"rendered":"\n<p>P\u00edsanka str.17, pracovn\u00ed list ,,vyst\u0159ihni a nalep&#8221; viz. obr\u00e1zek<\/p>\n\n\n\n<figure class=\"wp-block-image\"><img decoding=\"async\" src=\"https:\/\/www.mskyselovice.cz\/wp-content\/uploads\/2021\/04\/94333953027e7622f2490375c2f60c7a.jpg\" alt=\"This image has an empty alt attribute; its file name is 94333953027e7622f2490375c2f60c7a.jpg\"\/><\/figure>\n","protected":false},"excerpt":{"rendered":"<p>P\u00edsanka str.17, pracovn\u00ed list ,,vyst\u0159ihni a nalep&#8221; viz. obr\u00e1zek<\/p>\n","protected":false},"author":1,"featured_media":0,"parent":0,"menu_order":0,"comment_status":"closed","ping_status":"closed","template":"","meta":{"footnotes":""},"class_list":["post-3923","page","type-page","status-publish","hentry"],"_links":{"self":[{"href":"https:\/\/www.mskyselovice.cz\/index.php\/wp-json\/wp\/v2\/pages\/3923","targetHints":{"allow":["GET"]}}],"collection":[{"href":"https:\/\/www.mskyselovice.cz\/index.php\/wp-json\/wp\/v2\/pages"}],"about":[{"href":"https:\/\/www.mskyselovice.cz\/index.php\/wp-json\/wp\/v2\/types\/page"}],"author":[{"embeddable":true,"href":"https:\/\/www.mskyselovice.cz\/index.php\/wp-json\/wp\/v2\/users\/1"}],"replies":[{"embeddable":true,"href":"https:\/\/www.mskyselovice.cz\/index.php\/wp-json\/wp\/v2\/comments?post=3923"}],"version-history":[{"count":1,"href":"https:\/\/www.mskyselovice.cz\/index.php\/wp-json\/wp\/v2\/pages\/3923\/revisions"}],"predecessor-version":[{"id":3925,"href":"https:\/\/www.mskyselovice.cz\/index.php\/wp-json\/wp\/v2\/pages\/3923\/revisions\/3925"}],"wp:attachment":[{"href":"https:\/\/www.mskyselovice.cz\/index.php\/wp-json\/wp\/v2\/media?parent=3923"}],"curies":[{"name":"wp","href":"https:\/\/api.w.org\/{rel}","templated":true}]}}