{"id":3798,"date":"2021-03-27T11:02:48","date_gmt":"2021-03-27T11:02:48","guid":{"rendered":"https:\/\/www.mskyselovice.cz\/?page_id=3798"},"modified":"2021-03-27T11:02:49","modified_gmt":"2021-03-27T11:02:49","slug":"cinnosti-pro-vsechny-deti-22-3-26-3-2021","status":"publish","type":"page","link":"https:\/\/www.mskyselovice.cz\/index.php\/cinnosti-pro-vsechny-deti-22-3-26-3-2021\/","title":{"rendered":"\u010cinnosti pro v\u0161echny d\u011bti (22.3.-26.3.2021)"},"content":{"rendered":"<a href=\"https:\/\/www.mskyselovice.cz\/wp-content\/uploads\/2021\/03\/Pletu-pletu-poml\u00e1zku.pdf\" class=\"pdfemb-viewer\" style=\"\" data-width=\"max\" data-height=\"max\" data-toolbar=\"bottom\" data-toolbar-fixed=\"off\">Pletu-pletu-poml\u00e1zku<\/a>\n<p class=\"wp-block-pdfemb-pdf-embedder-viewer\"><\/p>\n","protected":false},"excerpt":{"rendered":"","protected":false},"author":1,"featured_media":0,"parent":0,"menu_order":0,"comment_status":"closed","ping_status":"closed","template":"","meta":{"footnotes":""},"class_list":["post-3798","page","type-page","status-publish","hentry"],"_links":{"self":[{"href":"https:\/\/www.mskyselovice.cz\/index.php\/wp-json\/wp\/v2\/pages\/3798","targetHints":{"allow":["GET"]}}],"collection":[{"href":"https:\/\/www.mskyselovice.cz\/index.php\/wp-json\/wp\/v2\/pages"}],"about":[{"href":"https:\/\/www.mskyselovice.cz\/index.php\/wp-json\/wp\/v2\/types\/page"}],"author":[{"embeddable":true,"href":"https:\/\/www.mskyselovice.cz\/index.php\/wp-json\/wp\/v2\/users\/1"}],"replies":[{"embeddable":true,"href":"https:\/\/www.mskyselovice.cz\/index.php\/wp-json\/wp\/v2\/comments?post=3798"}],"version-history":[{"count":1,"href":"https:\/\/www.mskyselovice.cz\/index.php\/wp-json\/wp\/v2\/pages\/3798\/revisions"}],"predecessor-version":[{"id":3800,"href":"https:\/\/www.mskyselovice.cz\/index.php\/wp-json\/wp\/v2\/pages\/3798\/revisions\/3800"}],"wp:attachment":[{"href":"https:\/\/www.mskyselovice.cz\/index.php\/wp-json\/wp\/v2\/media?parent=3798"}],"curies":[{"name":"wp","href":"https:\/\/api.w.org\/{rel}","templated":true}]}}