{"id":3789,"date":"2021-03-27T11:00:27","date_gmt":"2021-03-27T11:00:27","guid":{"rendered":"https:\/\/www.mskyselovice.cz\/?page_id=3789"},"modified":"2021-03-27T11:00:27","modified_gmt":"2021-03-27T11:00:27","slug":"predskolaci-ctvrtek-25-3-2021","status":"publish","type":"page","link":"https:\/\/www.mskyselovice.cz\/index.php\/predskolaci-ctvrtek-25-3-2021\/","title":{"rendered":"P\u0159ed\u0161kol\u00e1ci-\u010dtvrtek (25.3.2021)"},"content":{"rendered":"\n<p>p\u00edsanka str.22,pracovn\u00ed list ,,zaj\u00ed\u010dci&#8221;viz.obr\u00e1zek<\/p>\n\n\n\n<figure class=\"wp-block-image\"><img decoding=\"async\" src=\"https:\/\/www.mskyselovice.cz\/wp-content\/uploads\/2021\/03\/78c472098f6566c9cbecab1d54f73bd3.jpg\" alt=\"This image has an empty alt attribute; its file name is 78c472098f6566c9cbecab1d54f73bd3.jpg\"\/><\/figure>\n","protected":false},"excerpt":{"rendered":"<p>p\u00edsanka str.22,pracovn\u00ed list ,,zaj\u00ed\u010dci&#8221;viz.obr\u00e1zek<\/p>\n","protected":false},"author":1,"featured_media":0,"parent":0,"menu_order":0,"comment_status":"closed","ping_status":"closed","template":"","meta":{"footnotes":""},"class_list":["post-3789","page","type-page","status-publish","hentry"],"_links":{"self":[{"href":"https:\/\/www.mskyselovice.cz\/index.php\/wp-json\/wp\/v2\/pages\/3789","targetHints":{"allow":["GET"]}}],"collection":[{"href":"https:\/\/www.mskyselovice.cz\/index.php\/wp-json\/wp\/v2\/pages"}],"about":[{"href":"https:\/\/www.mskyselovice.cz\/index.php\/wp-json\/wp\/v2\/types\/page"}],"author":[{"embeddable":true,"href":"https:\/\/www.mskyselovice.cz\/index.php\/wp-json\/wp\/v2\/users\/1"}],"replies":[{"embeddable":true,"href":"https:\/\/www.mskyselovice.cz\/index.php\/wp-json\/wp\/v2\/comments?post=3789"}],"version-history":[{"count":1,"href":"https:\/\/www.mskyselovice.cz\/index.php\/wp-json\/wp\/v2\/pages\/3789\/revisions"}],"predecessor-version":[{"id":3791,"href":"https:\/\/www.mskyselovice.cz\/index.php\/wp-json\/wp\/v2\/pages\/3789\/revisions\/3791"}],"wp:attachment":[{"href":"https:\/\/www.mskyselovice.cz\/index.php\/wp-json\/wp\/v2\/media?parent=3789"}],"curies":[{"name":"wp","href":"https:\/\/api.w.org\/{rel}","templated":true}]}}

Předškoláci-čtvrtek (25.3.2021)

<p>písanka str.22,pracovní list ,,zajíčci&#8221;viz.obrázek</p>



<figure class="wp-block-image"><img decoding="async" src="https://www.mskyselovice.cz/wp-content/uploads/2021/03/78c472098f6566c9cbecab1d54f73bd3.jpg" alt="This image has an empty alt attribute; its file name is 78c472098f6566c9cbecab1d54f73bd3.jpg"/></figure>

<p>písanka str.22,pracovní list ,,zajíčci&#8221;viz.obrázek</p>
