{"id":3743,"date":"2021-03-20T09:44:17","date_gmt":"2021-03-20T09:44:17","guid":{"rendered":"https:\/\/www.mskyselovice.cz\/?page_id=3743"},"modified":"2021-03-20T09:44:17","modified_gmt":"2021-03-20T09:44:17","slug":"predskolaci-streda-17-3-2021","status":"publish","type":"page","link":"https:\/\/www.mskyselovice.cz\/index.php\/predskolaci-streda-17-3-2021\/","title":{"rendered":"P\u0159ed\u0161kol\u00e1ci-st\u0159eda (17.3.2021)"},"content":{"rendered":"\n<p>P\u00edsanka str.21,pracovn\u00ed list ,,Pozorov\u00e1n\u00ed hmyzu&#8221; viz.obr\u00e1zek<\/p>\n\n\n\n<figure class=\"wp-block-image\"><img decoding=\"async\" src=\"https:\/\/www.mskyselovice.cz\/wp-content\/uploads\/2021\/03\/e664ac273002151e013e4d953bee456c.jpg\" alt=\"This image has an empty alt attribute; its file name is e664ac273002151e013e4d953bee456c.jpg\"\/><\/figure>\n","protected":false},"excerpt":{"rendered":"<p>P\u00edsanka str.21,pracovn\u00ed list ,,Pozorov\u00e1n\u00ed hmyzu&#8221; viz.obr\u00e1zek<\/p>\n","protected":false},"author":1,"featured_media":0,"parent":0,"menu_order":0,"comment_status":"closed","ping_status":"closed","template":"","meta":{"footnotes":""},"class_list":["post-3743","page","type-page","status-publish","hentry"],"_links":{"self":[{"href":"https:\/\/www.mskyselovice.cz\/index.php\/wp-json\/wp\/v2\/pages\/3743","targetHints":{"allow":["GET"]}}],"collection":[{"href":"https:\/\/www.mskyselovice.cz\/index.php\/wp-json\/wp\/v2\/pages"}],"about":[{"href":"https:\/\/www.mskyselovice.cz\/index.php\/wp-json\/wp\/v2\/types\/page"}],"author":[{"embeddable":true,"href":"https:\/\/www.mskyselovice.cz\/index.php\/wp-json\/wp\/v2\/users\/1"}],"replies":[{"embeddable":true,"href":"https:\/\/www.mskyselovice.cz\/index.php\/wp-json\/wp\/v2\/comments?post=3743"}],"version-history":[{"count":1,"href":"https:\/\/www.mskyselovice.cz\/index.php\/wp-json\/wp\/v2\/pages\/3743\/revisions"}],"predecessor-version":[{"id":3745,"href":"https:\/\/www.mskyselovice.cz\/index.php\/wp-json\/wp\/v2\/pages\/3743\/revisions\/3745"}],"wp:attachment":[{"href":"https:\/\/www.mskyselovice.cz\/index.php\/wp-json\/wp\/v2\/media?parent=3743"}],"curies":[{"name":"wp","href":"https:\/\/api.w.org\/{rel}","templated":true}]}}