{"id":3671,"date":"2021-03-06T20:59:28","date_gmt":"2021-03-06T20:59:28","guid":{"rendered":"https:\/\/www.mskyselovice.cz\/?page_id=3671"},"modified":"2021-03-06T20:59:28","modified_gmt":"2021-03-06T20:59:28","slug":"predskolaci-streda-3-3-2021","status":"publish","type":"page","link":"https:\/\/www.mskyselovice.cz\/index.php\/predskolaci-streda-3-3-2021\/","title":{"rendered":"P\u0159ed\u0161kol\u00e1ci- st\u0159eda (3.3.2021)"},"content":{"rendered":"\n<p>P\u00edsanka str.6,pracovn\u00ed list (ve zdrav\u00e9m t\u011ble,zdrav\u00fd duch) viz obr\u00e1zek<\/p>\n\n\n\n<figure class=\"wp-block-image\"><img decoding=\"async\" src=\"https:\/\/www.mskyselovice.cz\/wp-content\/uploads\/2021\/03\/IMG_20210303_080307.jpg\" alt=\"This image has an empty alt attribute; its file name is IMG_20210303_080307.jpg\"\/><\/figure>\n","protected":false},"excerpt":{"rendered":"<p>P\u00edsanka str.6,pracovn\u00ed list (ve zdrav\u00e9m t\u011ble,zdrav\u00fd duch) viz obr\u00e1zek<\/p>\n","protected":false},"author":1,"featured_media":0,"parent":0,"menu_order":0,"comment_status":"closed","ping_status":"closed","template":"","meta":{"footnotes":""},"class_list":["post-3671","page","type-page","status-publish","hentry"],"_links":{"self":[{"href":"https:\/\/www.mskyselovice.cz\/index.php\/wp-json\/wp\/v2\/pages\/3671","targetHints":{"allow":["GET"]}}],"collection":[{"href":"https:\/\/www.mskyselovice.cz\/index.php\/wp-json\/wp\/v2\/pages"}],"about":[{"href":"https:\/\/www.mskyselovice.cz\/index.php\/wp-json\/wp\/v2\/types\/page"}],"author":[{"embeddable":true,"href":"https:\/\/www.mskyselovice.cz\/index.php\/wp-json\/wp\/v2\/users\/1"}],"replies":[{"embeddable":true,"href":"https:\/\/www.mskyselovice.cz\/index.php\/wp-json\/wp\/v2\/comments?post=3671"}],"version-history":[{"count":1,"href":"https:\/\/www.mskyselovice.cz\/index.php\/wp-json\/wp\/v2\/pages\/3671\/revisions"}],"predecessor-version":[{"id":3673,"href":"https:\/\/www.mskyselovice.cz\/index.php\/wp-json\/wp\/v2\/pages\/3671\/revisions\/3673"}],"wp:attachment":[{"href":"https:\/\/www.mskyselovice.cz\/index.php\/wp-json\/wp\/v2\/media?parent=3671"}],"curies":[{"name":"wp","href":"https:\/\/api.w.org\/{rel}","templated":true}]}}